{"id":648,"date":"2020-04-12T20:12:52","date_gmt":"2020-04-12T18:12:52","guid":{"rendered":"http:\/\/wordpress.fuer-gaeufelden.de\/?page_id=648"},"modified":"2020-04-12T20:12:53","modified_gmt":"2020-04-12T18:12:53","slug":"impressum","status":"publish","type":"page","link":"https:\/\/fuer-gaeufelden.de\/?page_id=648","title":{"rendered":"Impressum"},"content":{"rendered":"\n<h3 class=\"wp-block-heading\">Verantwortlich:<\/h3>\n\n\n\n<p>Benjamin Schmid<\/p>\n\n\n\n<h3 class=\"wp-block-heading\">Kontakt:<\/h3>\n\n\n\n<p>Benjamin Schmid<br>Karlstr. 2b<br>71154 Nufringen<br>Benjamin.Schmid[at]fuer-gaeufelden.de<\/p>\n\n\n\n<h2 class=\"wp-block-heading\">Fotografie:<\/h2>\n\n\n\n<p>YOUR pageMaker<br>Monika Sch\u00f6n<br>Eichenstra\u00dfe 4<br>71126 G\u00e4ufelden<\/p>\n\n\n\n<p><a rel=\"noreferrer noopener\" href=\"http:\/\/www.yourpagemaker.de\/\" target=\"_blank\">www.yourpagemaker.de<\/a><\/p>\n","protected":false},"excerpt":{"rendered":"<p>Verantwortlich: Benjamin Schmid Kontakt: Benjamin SchmidKarlstr. 2b71154 NufringenBenjamin.Schmid[at]fuer-gaeufelden.de Fotografie: YOUR pageMakerMonika Sch\u00f6nEichenstra\u00dfe 471126 G\u00e4ufelden www.yourpagemaker.de<\/p>\n","protected":false},"author":1,"featured_media":0,"parent":0,"menu_order":0,"comment_status":"closed","ping_status":"closed","template":"","meta":{"neve_meta_sidebar":"full-width","neve_meta_container":"","neve_meta_enable_content_width":"on","neve_meta_content_width":100,"neve_meta_title_alignment":"","neve_meta_author_avatar":"","neve_post_elements_order":"","neve_meta_disable_header":"","neve_meta_disable_footer":"","neve_meta_disable_title":"","_themeisle_gutenberg_block_has_review":false,"footnotes":""},"jetpack_sharing_enabled":true,"_links":{"self":[{"href":"https:\/\/fuer-gaeufelden.de\/index.php?rest_route=\/wp\/v2\/pages\/648"}],"collection":[{"href":"https:\/\/fuer-gaeufelden.de\/index.php?rest_route=\/wp\/v2\/pages"}],"about":[{"href":"https:\/\/fuer-gaeufelden.de\/index.php?rest_route=\/wp\/v2\/types\/page"}],"author":[{"embeddable":true,"href":"https:\/\/fuer-gaeufelden.de\/index.php?rest_route=\/wp\/v2\/users\/1"}],"replies":[{"embeddable":true,"href":"https:\/\/fuer-gaeufelden.de\/index.php?rest_route=%2Fwp%2Fv2%2Fcomments&post=648"}],"version-history":[{"count":1,"href":"https:\/\/fuer-gaeufelden.de\/index.php?rest_route=\/wp\/v2\/pages\/648\/revisions"}],"predecessor-version":[{"id":649,"href":"https:\/\/fuer-gaeufelden.de\/index.php?rest_route=\/wp\/v2\/pages\/648\/revisions\/649"}],"wp:attachment":[{"href":"https:\/\/fuer-gaeufelden.de\/index.php?rest_route=%2Fwp%2Fv2%2Fmedia&parent=648"}],"curies":[{"name":"wp","href":"https:\/\/api.w.org\/{rel}","templated":true}]}}