{"id":3,"date":"2020-04-12T18:37:56","date_gmt":"2020-04-12T16:37:56","guid":{"rendered":"http:\/\/wordpress.fuer-gaeufelden.de\/?page_id=3"},"modified":"2020-04-19T18:47:03","modified_gmt":"2020-04-19T16:47:03","slug":"datenschutzerklaerung","status":"publish","type":"page","link":"https:\/\/fuer-gaeufelden.de\/?page_id=3","title":{"rendered":"Datenschutzerkl\u00e4rung"},"content":{"rendered":"\n<p>Diese Datenschutzerkl\u00e4rung kl\u00e4rt Sie \u00fcber die Art, den Umfang und Zweck der Verarbeitung von personenbezogenen Daten (nachfolgend kurz \u201eDaten\u201c) im Rahmen der Erbringung unserer Leistungen sowie innerhalb unseres Onlineangebotes und der mit ihm verbundenen Webseiten, Funktionen und Inhalte sowie externen Onlinepr\u00e4senzen, wie z.B. unser Social Media Profile auf (nachfolgend gemeinsam bezeichnet als \u201eOnlineangebot\u201c). Im Hinblick auf die verwendeten Begrifflichkeiten, wie z.B. \u201eVerarbeitung\u201c oder \u201eVerantwortlicher\u201c verweisen wir auf die Definitionen im Art. 4 der Datenschutzgrundverordnung (DSGVO).&nbsp;<\/p>\n\n\n\n<h4 class=\"wp-block-heading\" id=\"1692181153\">Verantwortlicher<\/h4>\n\n\n\n<p>Benjamin SchmidKarlstr. 2b<br>71154 Nufringen<\/p>\n\n\n\n<p>E-Mail: benjamin.schmid@fuer-gaeufelden.de <\/p>\n\n\n\n<p><strong>Recht auf Auskunft<\/strong><br>Sie haben jederzeit im Rahmen der geltenden gesetzlichen Bestimmungen das Recht auf unentgeltliche Auskunft \u00fcber Ihre gespeicherten personenbezogenen Daten, Herkunft der Daten, deren Empf\u00e4nger und den Zweck der Datenverarbeitung. Diesbez\u00fcglich und auch zu weiteren Fragen zum Thema personenbezogene Daten k\u00f6nnen Sie sich jederzeit \u00fcber die im Impressum aufgef\u00fchrten Kontaktm\u00f6glichkeiten an uns wenden.<\/p>\n\n\n\n<h4 class=\"wp-block-heading\" id=\"1561618666\">Arten der verarbeiteten Daten<\/h4>\n\n\n\n<ul><li>Kontaktdaten (z.B., E-Mail, Telefonnummern).<\/li><li>Inhaltsdaten (z.B., Texteingaben).<\/li><li>Nutzungsdaten (z.B., besuchte Webseiten, Interesse an Inhalten, Zugriffszeiten).<\/li><li>Meta-\/Kommunikationsdaten (z.B., Ger\u00e4te-Informationen, IP-Adressen).<\/li><\/ul>\n\n\n\n<h4 class=\"wp-block-heading\" id=\"1127178348\">SSL- bzw. TLS-Verschl\u00fcsselung<\/h4>\n\n\n\n<p>Aus Sicherheitsgr\u00fcnden und zum Schutz der \u00dcbertragung vertraulicher Inhalte, die Sie an uns als Seitenbetreiber senden, nutzt unsere Website eine SSL-bzw. TLS-Verschl\u00fcsselung. Damit sind Daten, die Sie \u00fcber diese Website \u00fcbermitteln, f\u00fcr Dritte nicht mitlesbar. Sie erkennen eine verschl\u00fcsselte Verbindung an der \u201ehttps:\/\/\u201c Adresszeile Ihres Browsers und am Schloss-Symbol in der Browserzeile.<\/p>\n\n\n\n<h4 class=\"wp-block-heading\" id=\"1651675547\">Server-Log-Dateien<\/h4>\n\n\n\n<p>In Server-Log-Dateien erhebt und speichert der Provider der Website automatisch Informationen, die Ihr Browser automatisch an uns \u00fcbermittelt. Dies sind:<\/p>\n\n\n\n<ul><li>Besuchte Seite auf unserer Domain<\/li><li>Datum und Uhrzeit der Serveranfrage<\/li><li>Browsertyp und Browserversion<\/li><li>Verwendetes Betriebssystem<\/li><li>Referrer URL<\/li><li>Hostname des zugreifenden Rechners<\/li><li>IP-Adresse<\/li><\/ul>\n\n\n\n<p>Es findet keine Zusammenf\u00fchrung dieser Daten mit anderen Datenquellen statt. Grundlage der Datenverarbeitung bildet Art. 6 Abs. 1 lit. b DSGVO, der die Verarbeitung von Daten zur Erf\u00fcllung eines Vertrags oder vorvertraglicher Ma\u00dfnahmen gestattet.<\/p>\n\n\n\n<h4 class=\"wp-block-heading\" id=\"1054240768\">Kontaktformular<\/h4>\n\n\n\n<p>Per Kontaktformular \u00fcbermittelte Daten werden einschlie\u00dflich Ihrer Kontaktdaten gespeichert, um Ihre Anfrage bearbeiten zu k\u00f6nnen oder um f\u00fcr Anschlussfragen bereitzustehen. Eine Weitergabe dieser Daten findet ohne Ihre Einwilligung nicht statt.<\/p>\n\n\n\n<p>Die Verarbeitung der in das Kontaktformular eingegebenen Daten erfolgt ausschlie\u00dflich auf Grundlage Ihrer Einwilligung (Art. 6 Abs. 1 lit. a DSGVO). Ein Widerruf Ihrer bereits erteilten Einwilligung ist jederzeit m\u00f6glich. F\u00fcr den Widerruf gen\u00fcgt eine formlose Mitteilung per E-Mail. Die Rechtm\u00e4\u00dfigkeit der bis zum Widerruf erfolgten Datenverarbeitungsvorg\u00e4nge bleibt vom Widerruf unber\u00fchrt.<\/p>\n\n\n\n<p>\u00dcber das Kontaktformular \u00fcbermittelte Daten verbleiben bei uns, bis Sie uns zur L\u00f6schung auffordern, Ihre Einwilligung zur Speicherung widerrufen oder keine Notwendigkeit der Datenspeicherung mehr besteht. Zwingende gesetzliche Bestimmungen &#8211; insbesondere Aufbewahrungsfristen &#8211; bleiben unber\u00fchrt.<\/p>\n\n\n\n<h4 class=\"wp-block-heading\" id=\"1095182628\">Cookies<\/h4>\n\n\n\n<p>Unsere Website verwendet Cookies. Das sind kleine Textdateien, die Ihr Webbrowser auf Ihrem Endger\u00e4t speichert. Cookies helfen uns dabei, unser Angebot nutzerfreundlicher, effektiver und sicherer zu machen.<\/p>\n\n\n\n<p>Einige Cookies sind \u201cSession-Cookies.\u201d Solche Cookies werden nach Ende Ihrer Browser-Sitzung von selbst gel\u00f6scht. Hingegen bleiben andere Cookies auf Ihrem Endger\u00e4t bestehen, bis Sie diese selbst l\u00f6schen. Solche Cookies helfen uns, Sie bei R\u00fcckkehr auf unserer Website wiederzuerkennen.<\/p>\n\n\n\n<p>Mit einem modernen Webbrowser k\u00f6nnen Sie das Setzen von Cookies \u00fcberwachen, einschr\u00e4nken oder unterbinden. Viele Webbrowser lassen sich so konfigurieren, dass Cookies mit dem Schlie\u00dfen des Programms von selbst gel\u00f6scht werden. Die Deaktivierung von Cookies kann eine eingeschr\u00e4nkte Funktionalit\u00e4t unserer Website zur Folge haben.<\/p>\n\n\n\n<p>Das Setzen von Cookies, die zur Aus\u00fcbung elektronischer Kommunikationsvorg\u00e4nge oder der Bereitstellung bestimmter, von Ihnen erw\u00fcnschter Funktionen (z.B. Warenkorb) notwendig sind, erfolgt auf Grundlage von Art. 6 Abs. 1 lit. f DSGVO. Als Betreiber dieser Website haben wir ein berechtigtes Interesse an der Speicherung von Cookies zur technisch fehlerfreien und reibungslosen Bereitstellung unserer Dienste. Sofern die Setzung anderer Cookies (z.B. f\u00fcr Analyse-Funktionen) erfolgt, werden diese in dieser Datenschutzerkl\u00e4rung separat behandelt.<\/p>\n\n\n\n<h4 class=\"wp-block-heading\" id=\"1288192772\">Onlinepr\u00e4senzen in sozialen Medien<\/h4>\n\n\n\n<p>Wir unterhalten Onlinepr\u00e4senzen innerhalb sozialer Netzwerke und Plattformen, um mit den dort aktiven Interessenten und Nutzern kommunizieren und sie dort informieren zu k\u00f6nnen.<\/p>\n\n\n\n<p>Wir weisen darauf hin, dass dabei Daten der Nutzer au\u00dferhalb des Raumes der Europ\u00e4ischen Union verarbeitet werden k\u00f6nnen. Hierdurch k\u00f6nnen sich f\u00fcr die Nutzer Risiken ergeben, weil so z.B. die Durchsetzung der Rechte der Nutzer erschwert werden k\u00f6nnte. Im Hinblick auf US-Anbieter die unter dem Privacy-Shield zertifiziert sind, weisen wir darauf hin, dass sie sich damit verpflichten, die Datenschutzstandards der EU einzuhalten.<\/p>\n\n\n\n<p>Die Verarbeitung der personenbezogenen Daten der Nutzer erfolgt auf Grundlage unserer berechtigten Interessen an einer effektiven Information der Nutzer und Kommunikation mit den Nutzern gem. Art. 6 Abs. 1 lit. f. DSGVO. Falls die Nutzer von den jeweiligen Anbietern der Plattformen um eine Einwilligung in die vorbeschriebene Datenverarbeitung gebeten werden, ist die Rechtsgrundlage der Verarbeitung Art. 6 Abs. 1 lit. a., Art. 7 DSGVO.<\/p>\n\n\n\n<p>F\u00fcr eine detaillierte Darstellung der jeweiligen Verarbeitungen und der Widerspruchsm\u00f6glichkeiten (Opt-Out), verweisen wir auf die nachfolgend verlinkten Angaben der Anbieter.<br>Auch im Fall von Auskunftsanfragen und der Geltendmachung von Nutzerrechten, weisen wir darauf hin, dass diese am effektivsten bei den Anbietern geltend gemacht werden k\u00f6nnen. Nur die Anbieter haben jeweils Zugriff auf die Daten der Nutzer und k\u00f6nnen direkt entsprechende Ma\u00dfnahmen ergreifen und Ausk\u00fcnfte geben. Sollten Sie dennoch Hilfe ben\u00f6tigen, dann k\u00f6nnen Sie sich an uns wenden.<\/p>\n\n\n\n<ul><li>Facebook, -Seiten, -Gruppen, (Facebook Ireland Ltd., 4 Grand Canal Square, Grand Canal Harbour, Dublin 2, Irland) auf Grundlage einer Vereinbarung \u00fcber gemeinsame Verarbeitung personenbezogener Daten &#8211; Datenschutzerkl\u00e4rung: <a href=\"https:\/\/www.facebook.com\/about\/privacy\/\" target=\"_blank\" rel=\"noreferrer noopener\">https:\/\/www.facebook.com\/about\/privacy\/<\/a>, speziell f\u00fcr Seiten: <a href=\"https:\/\/www.facebook.com\/legal\/terms\/information_about_page_insights_data\" target=\"_blank\" rel=\"noreferrer noopener\">https:\/\/www.facebook.com\/legal\/terms\/information_about_page_insights_data<\/a> , Opt-Out: <a href=\"https:\/\/www.facebook.com\/settings?tab=ads\" target=\"_blank\" rel=\"noreferrer noopener\">https:\/\/www.facebook.com\/settings?tab=ads<\/a> und <a href=\"http:\/\/www.youronlinechoices.com\" target=\"_blank\" rel=\"noreferrer noopener\">http:\/\/www.youronlinechoices.com<\/a>, Privacy Shield: <a href=\"https:\/\/www.privacyshield.gov\" target=\"_blank\" rel=\"noreferrer noopener\">https:\/\/www.privacyshield.gov<\/a>\/participant?id=a2zt0000000GnywAAC&amp;status=Active.<\/li><li>Instagram (Instagram Inc., 1601 Willow Road, Menlo Park, CA, 94025, USA) \u2013 Datenschutzerkl\u00e4rung\/ Opt-Out: <a href=\"http:\/\/instagram.com\/about\/legal\/privacy\/\" target=\"_blank\" rel=\"noreferrer noopener\">http:\/\/instagram.com\/about\/legal\/privacy\/<\/a>.<\/li><\/ul>\n\n\n\n<h4 class=\"wp-block-heading\" id=\"1144216550\">Aktualisierungen oder \u00c4nderungen dieser Datenschutzbestimmungen<\/h4>\n\n\n\n<p>Wir behalten uns das Recht vor, diese Datenschutzbestimmungen von Zeit zu Zeit zu \u00e4ndern oder zu pr\u00fcfen. Sie finden das Datum der aktuellen Version unter \u201eZuletzt ge\u00e4ndert am\u201c. Ihre fortgesetzte Nutzung der Plattform nach der Bekanntmachung solcher \u00c4nderungen auf unserer Webseite stellt Ihre Zustimmung zu solchen \u00c4nderungen an den Datenschutzbestimmungen dar und gilt als Ihr Einverst\u00e4ndnis der Bindung an die ge\u00e4nderten Bestimmungen.<\/p>\n\n\n\n<h4 class=\"wp-block-heading\" id=\"1953255332\">So erreichen Sie uns<\/h4>\n\n\n\n<p>Wenden Sie sich bei allgemeinen Fragen zur Webseite, zu den von uns \u00fcber Sie erfassten Daten oder der Verwendung dieser Daten unter benjamin.schmid@fuer-gaeufelden.de an uns.<br>Zuletzt ge\u00e4ndert am 15. Juni 2019<\/p>\n\n\n\n<p><\/p>\n","protected":false},"excerpt":{"rendered":"<p>Diese Datenschutzerkl\u00e4rung kl\u00e4rt Sie \u00fcber die Art, den Umfang und Zweck der Verarbeitung von personenbezogenen Daten (nachfolgend kurz \u201eDaten\u201c) im Rahmen der Erbringung unserer Leistungen sowie innerhalb unseres Onlineangebotes und der mit ihm verbundenen Webseiten, Funktionen und Inhalte sowie externen Onlinepr\u00e4senzen, wie z.B. unser Social Media Profile auf (nachfolgend gemeinsam bezeichnet als \u201eOnlineangebot\u201c). Im Hinblick&hellip;&nbsp;<a href=\"https:\/\/fuer-gaeufelden.de\/?page_id=3\" class=\"\" rel=\"bookmark\">Weiterlesen &raquo;<span class=\"screen-reader-text\">Datenschutzerkl\u00e4rung<\/span><\/a><\/p>\n","protected":false},"author":1,"featured_media":0,"parent":0,"menu_order":0,"comment_status":"closed","ping_status":"open","template":"","meta":{"neve_meta_sidebar":"full-width","neve_meta_container":"","neve_meta_enable_content_width":"on","neve_meta_content_width":100,"neve_meta_title_alignment":"","neve_meta_author_avatar":"","neve_post_elements_order":"","neve_meta_disable_header":"","neve_meta_disable_footer":"","neve_meta_disable_title":"","_themeisle_gutenberg_block_has_review":false,"footnotes":""},"jetpack_sharing_enabled":true,"_links":{"self":[{"href":"https:\/\/fuer-gaeufelden.de\/index.php?rest_route=\/wp\/v2\/pages\/3"}],"collection":[{"href":"https:\/\/fuer-gaeufelden.de\/index.php?rest_route=\/wp\/v2\/pages"}],"about":[{"href":"https:\/\/fuer-gaeufelden.de\/index.php?rest_route=\/wp\/v2\/types\/page"}],"author":[{"embeddable":true,"href":"https:\/\/fuer-gaeufelden.de\/index.php?rest_route=\/wp\/v2\/users\/1"}],"replies":[{"embeddable":true,"href":"https:\/\/fuer-gaeufelden.de\/index.php?rest_route=%2Fwp%2Fv2%2Fcomments&post=3"}],"version-history":[{"count":2,"href":"https:\/\/fuer-gaeufelden.de\/index.php?rest_route=\/wp\/v2\/pages\/3\/revisions"}],"predecessor-version":[{"id":699,"href":"https:\/\/fuer-gaeufelden.de\/index.php?rest_route=\/wp\/v2\/pages\/3\/revisions\/699"}],"wp:attachment":[{"href":"https:\/\/fuer-gaeufelden.de\/index.php?rest_route=%2Fwp%2Fv2%2Fmedia&parent=3"}],"curies":[{"name":"wp","href":"https:\/\/api.w.org\/{rel}","templated":true}]}}

Datenschutzerklärung

<p>Diese Datenschutzerklärung klärt Sie über die Art, den Umfang und Zweck der Verarbeitung von personenbezogenen Daten (nachfolgend kurz „Daten“) im Rahmen der Erbringung unserer Leistungen sowie innerhalb unseres Onlineangebotes und der mit ihm verbundenen Webseiten, Funktionen und Inhalte sowie externen Onlinepräsenzen, wie z.B. unser Social Media Profile auf (nachfolgend gemeinsam bezeichnet als „Onlineangebot“). Im Hinblick auf die verwendeten Begrifflichkeiten, wie z.B. „Verarbeitung“ oder „Verantwortlicher“ verweisen wir auf die Definitionen im Art. 4 der Datenschutzgrundverordnung (DSGVO).&nbsp;</p>



<h4 class="wp-block-heading" id="1692181153">Verantwortlicher</h4>



<p>Benjamin SchmidKarlstr. 2b<br>71154 Nufringen</p>



<p>E-Mail: benjamin.schmid@fuer-gaeufelden.de </p>



<p><strong>Recht auf Auskunft</strong><br>Sie haben jederzeit im Rahmen der geltenden gesetzlichen Bestimmungen das Recht auf unentgeltliche Auskunft über Ihre gespeicherten personenbezogenen Daten, Herkunft der Daten, deren Empfänger und den Zweck der Datenverarbeitung. Diesbezüglich und auch zu weiteren Fragen zum Thema personenbezogene Daten können Sie sich jederzeit über die im Impressum aufgeführten Kontaktmöglichkeiten an uns wenden.</p>



<h4 class="wp-block-heading" id="1561618666">Arten der verarbeiteten Daten</h4>



<ul><li>Kontaktdaten (z.B., E-Mail, Telefonnummern).</li><li>Inhaltsdaten (z.B., Texteingaben).</li><li>Nutzungsdaten (z.B., besuchte Webseiten, Interesse an Inhalten, Zugriffszeiten).</li><li>Meta-/Kommunikationsdaten (z.B., Geräte-Informationen, IP-Adressen).</li></ul>



<h4 class="wp-block-heading" id="1127178348">SSL- bzw. TLS-Verschlüsselung</h4>



<p>Aus Sicherheitsgründen und zum Schutz der Übertragung vertraulicher Inhalte, die Sie an uns als Seitenbetreiber senden, nutzt unsere Website eine SSL-bzw. TLS-Verschlüsselung. Damit sind Daten, die Sie über diese Website übermitteln, für Dritte nicht mitlesbar. Sie erkennen eine verschlüsselte Verbindung an der „https://“ Adresszeile Ihres Browsers und am Schloss-Symbol in der Browserzeile.</p>



<h4 class="wp-block-heading" id="1651675547">Server-Log-Dateien</h4>



<p>In Server-Log-Dateien erhebt und speichert der Provider der Website automatisch Informationen, die Ihr Browser automatisch an uns übermittelt. Dies sind:</p>



<ul><li>Besuchte Seite auf unserer Domain</li><li>Datum und Uhrzeit der Serveranfrage</li><li>Browsertyp und Browserversion</li><li>Verwendetes Betriebssystem</li><li>Referrer URL</li><li>Hostname des zugreifenden Rechners</li><li>IP-Adresse</li></ul>



<p>Es findet keine Zusammenführung dieser Daten mit anderen Datenquellen statt. Grundlage der Datenverarbeitung bildet Art. 6 Abs. 1 lit. b DSGVO, der die Verarbeitung von Daten zur Erfüllung eines Vertrags oder vorvertraglicher Maßnahmen gestattet.</p>



<h4 class="wp-block-heading" id="1054240768">Kontaktformular</h4>



<p>Per Kontaktformular übermittelte Daten werden einschließlich Ihrer Kontaktdaten gespeichert, um Ihre Anfrage bearbeiten zu können oder um für Anschlussfragen bereitzustehen. Eine Weitergabe dieser Daten findet ohne Ihre Einwilligung nicht statt.</p>



<p>Die Verarbeitung der in das Kontaktformular eingegebenen Daten erfolgt ausschließlich auf Grundlage Ihrer Einwilligung (Art. 6 Abs. 1 lit. a DSGVO). Ein Widerruf Ihrer bereits erteilten Einwilligung ist jederzeit möglich. Für den Widerruf genügt eine formlose Mitteilung per E-Mail. Die Rechtmäßigkeit der bis zum Widerruf erfolgten Datenverarbeitungsvorgänge bleibt vom Widerruf unberührt.</p>



<p>Über das Kontaktformular übermittelte Daten verbleiben bei uns, bis Sie uns zur Löschung auffordern, Ihre Einwilligung zur Speicherung widerrufen oder keine Notwendigkeit der Datenspeicherung mehr besteht. Zwingende gesetzliche Bestimmungen &#8211; insbesondere Aufbewahrungsfristen &#8211; bleiben unberührt.</p>



<h4 class="wp-block-heading" id="1095182628">Cookies</h4>



<p>Unsere Website verwendet Cookies. Das sind kleine Textdateien, die Ihr Webbrowser auf Ihrem Endgerät speichert. Cookies helfen uns dabei, unser Angebot nutzerfreundlicher, effektiver und sicherer zu machen.</p>



<p>Einige Cookies sind “Session-Cookies.” Solche Cookies werden nach Ende Ihrer Browser-Sitzung von selbst gelöscht. Hingegen bleiben andere Cookies auf Ihrem Endgerät bestehen, bis Sie diese selbst löschen. Solche Cookies helfen uns, Sie bei Rückkehr auf unserer Website wiederzuerkennen.</p>



<p>Mit einem modernen Webbrowser können Sie das Setzen von Cookies überwachen, einschränken oder unterbinden. Viele Webbrowser lassen sich so konfigurieren, dass Cookies mit dem Schließen des Programms von selbst gelöscht werden. Die Deaktivierung von Cookies kann eine eingeschränkte Funktionalität unserer Website zur Folge haben.</p>



<p>Das Setzen von Cookies, die zur Ausübung elektronischer Kommunikationsvorgänge oder der Bereitstellung bestimmter, von Ihnen erwünschter Funktionen (z.B. Warenkorb) notwendig sind, erfolgt auf Grundlage von Art. 6 Abs. 1 lit. f DSGVO. Als Betreiber dieser Website haben wir ein berechtigtes Interesse an der Speicherung von Cookies zur technisch fehlerfreien und reibungslosen Bereitstellung unserer Dienste. Sofern die Setzung anderer Cookies (z.B. für Analyse-Funktionen) erfolgt, werden diese in dieser Datenschutzerklärung separat behandelt.</p>



<h4 class="wp-block-heading" id="1288192772">Onlinepräsenzen in sozialen Medien</h4>



<p>Wir unterhalten Onlinepräsenzen innerhalb sozialer Netzwerke und Plattformen, um mit den dort aktiven Interessenten und Nutzern kommunizieren und sie dort informieren zu können.</p>



<p>Wir weisen darauf hin, dass dabei Daten der Nutzer außerhalb des Raumes der Europäischen Union verarbeitet werden können. Hierdurch können sich für die Nutzer Risiken ergeben, weil so z.B. die Durchsetzung der Rechte der Nutzer erschwert werden könnte. Im Hinblick auf US-Anbieter die unter dem Privacy-Shield zertifiziert sind, weisen wir darauf hin, dass sie sich damit verpflichten, die Datenschutzstandards der EU einzuhalten.</p>



<p>Die Verarbeitung der personenbezogenen Daten der Nutzer erfolgt auf Grundlage unserer berechtigten Interessen an einer effektiven Information der Nutzer und Kommunikation mit den Nutzern gem. Art. 6 Abs. 1 lit. f. DSGVO. Falls die Nutzer von den jeweiligen Anbietern der Plattformen um eine Einwilligung in die vorbeschriebene Datenverarbeitung gebeten werden, ist die Rechtsgrundlage der Verarbeitung Art. 6 Abs. 1 lit. a., Art. 7 DSGVO.</p>



<p>Für eine detaillierte Darstellung der jeweiligen Verarbeitungen und der Widerspruchsmöglichkeiten (Opt-Out), verweisen wir auf die nachfolgend verlinkten Angaben der Anbieter.<br>Auch im Fall von Auskunftsanfragen und der Geltendmachung von Nutzerrechten, weisen wir darauf hin, dass diese am effektivsten bei den Anbietern geltend gemacht werden können. Nur die Anbieter haben jeweils Zugriff auf die Daten der Nutzer und können direkt entsprechende Maßnahmen ergreifen und Auskünfte geben. Sollten Sie dennoch Hilfe benötigen, dann können Sie sich an uns wenden.</p>



<ul><li>Facebook, -Seiten, -Gruppen, (Facebook Ireland Ltd., 4 Grand Canal Square, Grand Canal Harbour, Dublin 2, Irland) auf Grundlage einer Vereinbarung über gemeinsame Verarbeitung personenbezogener Daten &#8211; Datenschutzerklärung: <a href="https://www.facebook.com/about/privacy/" target="_blank" rel="noreferrer noopener">https://www.facebook.com/about/privacy/</a>, speziell für Seiten: <a href="https://www.facebook.com/legal/terms/information_about_page_insights_data" target="_blank" rel="noreferrer noopener">https://www.facebook.com/legal/terms/information_about_page_insights_data</a> , Opt-Out: <a href="https://www.facebook.com/settings?tab=ads" target="_blank" rel="noreferrer noopener">https://www.facebook.com/settings?tab=ads</a> und <a href="http://www.youronlinechoices.com" target="_blank" rel="noreferrer noopener">http://www.youronlinechoices.com</a>, Privacy Shield: <a href="https://www.privacyshield.gov" target="_blank" rel="noreferrer noopener">https://www.privacyshield.gov</a>/participant?id=a2zt0000000GnywAAC&amp;status=Active.</li><li>Instagram (Instagram Inc., 1601 Willow Road, Menlo Park, CA, 94025, USA) – Datenschutzerklärung/ Opt-Out: <a href="http://instagram.com/about/legal/privacy/" target="_blank" rel="noreferrer noopener">http://instagram.com/about/legal/privacy/</a>.</li></ul>



<h4 class="wp-block-heading" id="1144216550">Aktualisierungen oder Änderungen dieser Datenschutzbestimmungen</h4>



<p>Wir behalten uns das Recht vor, diese Datenschutzbestimmungen von Zeit zu Zeit zu ändern oder zu prüfen. Sie finden das Datum der aktuellen Version unter „Zuletzt geändert am“. Ihre fortgesetzte Nutzung der Plattform nach der Bekanntmachung solcher Änderungen auf unserer Webseite stellt Ihre Zustimmung zu solchen Änderungen an den Datenschutzbestimmungen dar und gilt als Ihr Einverständnis der Bindung an die geänderten Bestimmungen.</p>



<h4 class="wp-block-heading" id="1953255332">So erreichen Sie uns</h4>



<p>Wenden Sie sich bei allgemeinen Fragen zur Webseite, zu den von uns über Sie erfassten Daten oder der Verwendung dieser Daten unter benjamin.schmid@fuer-gaeufelden.de an uns.<br>Zuletzt geändert am 15. Juni 2019</p>



<p></p>

<p>Diese Datenschutzerklärung klärt Sie über die Art, den Umfang und Zweck der Verarbeitung von personenbezogenen Daten (nachfolgend kurz „Daten“) im Rahmen der Erbringung unserer Leistungen sowie innerhalb unseres Onlineangebotes und der mit ihm verbundenen Webseiten, Funktionen und Inhalte sowie externen Onlinepräsenzen, wie z.B. unser Social Media Profile auf (nachfolgend gemeinsam bezeichnet als „Onlineangebot“). Im Hinblick&hellip;&nbsp;<a href="https://fuer-gaeufelden.de/?page_id=3" class="" rel="bookmark">Weiterlesen &raquo;<span class="screen-reader-text">Datenschutzerklärung</span></a></p>
